
False
Suppose -2*h = -3*h - 1, -7 = -y + 5*h. Let u(v) = 1 + 94*v**y - 77*v + 77*v. Is u(1) prime?
False
Let n(d) be the second derivative of 31*d**5/20 - d**2/2 - 8*d. Let i be n(1). Let a = i + -15. Is a prime?
False
Let v(q) = 9*q**2 - 16*q - 62. Is v(17) a prime number?
True
Is (-150)/210 + 4/(-14) + 8872 a prime number?
False
Let y(r) = -64108*r**2 + 2*r - 1. Let t be y(1). Is (-3)/(-36)*-2 - t/54 a prime number?
True
Let z(s) be the second derivative of -5*s + 5/2*s**2 + 0 - 2*s**3. Is z(-7) a composite number?
False
Let f = -21 - -26. Let j(m) = 23*m**3 + 3*m**2 - 4*m - 5. Let y be j(f). Suppose 5*v + 5*x - y = 0, 2*v - 3*x - 665 = 485. Is v composite?
True
Let m be (1 - -26524) + 1 + 2. Let o be ((-6)/4)/((-24)/m). Let n = 2359 - o. Is n a prime number?
True
Suppose -4*a = -7 - 1. Let d be (3/a)/((-24)/(-64)). Suppose 0 = -2*i - d*n + 110, 4*i - 56 = 3*i - 3*n. Is i prime?
True
Suppose -5*y = -894 - 1. Suppose 0 = 7*i - y - 920. Is i composite?
False
Let i = 10102 + 18021. Is i composite?
False
Let o = -12 - -17. Suppose -p - o*v + 2070 = 4*p, 384 = p - 5*v. Is p prime?
True
Suppose z = 3*z - 1688. Suppose -5*g = 2*u - 35, 5*g = -3*u + 3*g + 36. Suppose 6*d + z = u*d. Is d a composite number?
False
Let b(s) = -11*s**2 + 33*s**2 + 7 - 14*s**2 - 6*s. Is b(-4) a composite number?
True
Suppose 49*l - 1258022 = 935. Is l a composite number?
False
Suppose 2*a - 16650 = o, -3*a + 41655 = 2*a + 5*o. Is a composite?
True
Suppose v - 330 = -4*p, 2*v + 2*v = p + 1269. Is (11/2)/(3/v) prime?
False
Suppose 0 = -7*s + 4*s - 4*h + 10371, -4*s + 13828 = -3*h. Is s a prime number?
True
Let m(u) = 41*u**3 - 4*u**2 + 6*u - 3. Let i(t) = t**3 + t**2 - t. Let d(k) = -6*i(k) - m(k). Is d(-2) composite?
True
Let i(x) = 3 + 191*x**3 + 2*x - x + 68*x**2 - 67*x**2 - 2. Is i(2) a composite number?
True
Suppose 0 = 3*a + v - 4820 - 1299, 10201 = 5*a + v. Suppose 1382 + a = 3*j. Is j composite?
True
Let q be (0/(-2))/(6 - 5)*1. Suppose q = -3*o + l + 981, -4*o - 2*l + 830 = -468. Is o composite?
True
Let k = 6072 - -3965. Is k prime?
True
Let j(f) = 7036*f - 99. Is j(2) a prime number?
False
Let g(b) = 9*b**2 - 4*b + 5. Let r be g(5). Suppose -370 - r = -4*l. Let x = -27 + l. Is x a prime number?
False
Let q(h) = -6*h + 3*h**2 + 3 + 0*h**2 + 4*h**2 + 4*h**3 - 5*h**3. Let i be q(6). Is 898*(14/4 - i) a prime number?
True
Suppose 18*n + 1140 = 16*n. Let u = -355 - n. Is u composite?
True
Suppose 6*h + 43 = 1. Let v(o) = 30*o**2 + 3*o - 10. Is v(h) a prime number?
True
Let b(q) = -q - 1. Let p be b(3). Let v(y) be the second derivative of 7*y**4/12 - y**3/6 - 5*y**2/2 - 11*y. Is v(p) composite?
True
Suppose -2*y + 4*b = -2, 5*y - b - 6 = 8. Suppose 1221 = 3*g - y*o - 0*o, -g = -4*o - 407. Is g a composite number?
True
Let r(m) = -11*m - 15*m + 6 - m**2 + 5 + 12*m. Is r(-8) composite?
False
Let s = 7235 + -4626. Is s composite?
False
Suppose 0 = 4*u - 2*u - 6. Suppose 2*g = -u*b - 9, -2*b = -3*g - 0*g + 19. Is ((-268)/b)/(4/10) prime?
False
Let p(l) = 2*l**2 - 3*l. Let h be p(2). Suppose -h*v + 4482 = -3*f, 0*v - v - 2995 = 2*f. Is ((-3)/(-6))/((-4)/f) a prime number?
False
Suppose -560 = -3*t + 8*t. Let x = t + 233. Is x prime?
False
Suppose -2*s = -0 - 4. Let f(m) = 3*m**3 + 3*m**2 - m + 1. Is f(s) a composite number?
True
Suppose 4*p + 798 = 2*r, -2*p + 4*p = 10. Is r prime?
True
Suppose -2*h = -35*l + 36*l - 36687, 4*l = 3*h - 55058. Is h a prime number?
False
Suppose -2*a + 1962 + 2264 = 0. Let s = a + -1082. Is s prime?
True
Suppose -4*b = -8 - 24. Let p = b + -5. Suppose 0 = -p*t - u + 608, 0*u + 1016 = 5*t - u. Is t prime?
False
Suppose 0 = 20*y - 2832 - 2348. Is y prime?
False
Let y be 4224/20 - (-1)/(-5). Is y - -1 - (1 - 2) prime?
False
Let y be (-25)/10*(-1228)/10. Is (-2)/((-4)/y)*2 a composite number?
False
Suppose 133515 = 12*l - 137481. Is l composite?
True
Let p be (1/(-2))/((-62)/16 - -4). Is 21956/16 + (-3)/p a prime number?
True
Suppose 22*x = 25*x - 6. Suppose -4*q + 12 + 4 = 0, x*u - 1258 = q. Is u a prime number?
True
Suppose 0 = -3*s + 3*l + l - 206, -3*s - 209 = -l. Let t be 20/s + 2/7. Suppose -2*p + 372 - 128 = t. Is p a prime number?
False
Suppose 3*x - 2*x - 2 = 0, -2*x + 5 = -b. Let k be (b + -55)/((-8)/140). Suppose k = 4*r - 504. Is r prime?
False
Suppose -2 = -4*v - 2*b - 8, -3*b - 7 = 5*v. Let l(z) = -683*z + 15. Is l(v) prime?
True
Suppose 9 = 14*n - 5*n. Let j(x) be the third derivative of 53*x**4/24 - x**2. Is j(n) composite?
False
Let n = 11 - -44. Let g be 2882/n + 6/10. Is (g/(4 + -3))/1 a composite number?
False
Suppose 6336 = -9*o + 34209. Is o a composite number?
True
Let i(n) = -6*n**2 - 4*n - 12. Let x be i(-8). Let v = x - -1185. Is v prime?
True
Let d(m) be the first derivative of -3*m**4/4 + 2*m**3/3 + 8*m**2 - 21*m - 35. Is d(-10) prime?
True
Let q(j) = j**3 - 10*j**2 + 7*j - 15. Let i = 56 - 43. Is q(i) composite?
True
Suppose -o = 2 + 2. Let g be 4959/18 - 2/o. Suppose 0 = -i - 3*t + 94, g = 5*i - 2*t - 109. Is i a prime number?
True
Suppose -446 = 33*z - 4835. Is z a prime number?
False
Let c(q) = -2*q - 11. Let a be c(-6). Suppose -5*d - 2*h = -a, h - 3 + 0 = -5*d. Let n(l) = 203*l**2 - l + 1. Is n(d) composite?
True
Let u(b) = -15*b + 2. Let n be u(-2). Let w = n + -29. Suppose 2*r + 3*i = -w*r + 38, -i - 20 = -3*r. Is r prime?
True
Let b = -38 - -167. Suppose -123 = -k - 2*d, -5*k + b = -4*k - d. Is k a prime number?
True
Let g be 47*(-8)/(-2) + 2. Let w be (-1 - 1)*(-4)/4. Suppose -w*s + g = 20. Is s a prime number?
False
Let h(u) = u**2 - 6*u + 5. Suppose -3*a + 3*w - 6*w + 21 = 0, 0 = 4*a - 4*w - 20. Let y be h(a). Suppose -237 = -y*l + 148. Is l a composite number?
True
Suppose -4*p = -3*p - 3*h + 3, -1 = 5*p - h. Suppose p = -q + 468 + 163. Is q a prime number?
True
Let c = -44 + 79. Suppose -126 - c = -g. Is g prime?
False
Suppose 4 = 3*c - 2*c. Suppose c*p + 4*f = 2392, 3*p = f - 2*f + 1796. Is p a prime number?
True
Let c(k) = 62*k**2 + 3*k - 12. Is c(11) a prime number?
True
Let p(k) = -k**3 - k**2. Let m be p(0). Suppose 2*f = -2*x - 0*f + 56, m = 5*f + 25. Is x a composite number?
True
Suppose 33*j = 30*j + 25257. Is j prime?
True
Suppose 13*j = 8463 + 884. Is j a prime number?
True
Let v(l) = l**2 + 7*l. Let n be v(-7). Let r be 4/(-12)*n/(-2). Is 292 + r/4 + 1 a prime number?
True
Let x = -91803 - -167168. Is x prime?
False
Suppose -63*v - 70475 = -5*f - 64*v, 0 = -4*v. Is f composite?
True
Let c(w) = w**3 + 11*w**2 + 9*w - 10. Suppose m + 6 = -4. Let v be c(m). Is -1 + v + (266 - -2) prime?
False
Let n(l) = 33*l**2 + 28*l - 23. Let h be n(-21). Suppose -5*x = s - h, x - 5575 = -x - s. Is x a composite number?
False
Let o(y) = y**3 - 13*y**2 - y + 7. Let u be o(13). Is 40 - u/(-1 + -2) a composite number?
True
Suppose 0 = 3*g + 4*a + 8, 3*g + a - 27 = 4*a. Suppose 3*i + h - 25 = 0, 0 = i - 2*h + 5*h - 19. Suppose -669 = g*p - i*p. Is p prime?
True
Let g = -8 + 8. Let u be (g - -1)/(7/14). Suppose -u*m - x - 672 = -7*m, m = -4*x + 126. Is m a prime number?
False
Suppose 4*k + 36 + 44 = 0. Is ((-2010)/k)/((-1)/2*-1) composite?
True
Let a = 37 - 32. Suppose 35 = a*m - 10. Is m a composite number?
True
Let b(i) = -i**3 + 12*i**2 - 14*i - 9. Suppose 35 = 4*m - 5. Is b(m) composite?
True
Let f(n) = 170*n**2 + 13*n - 124. Is f(9) prime?
True
Suppose 3*n = 2*f + 22, -3*f - n - 26 + 4 = 0. Let r(y) = -7 - 31*y - 15 - 13*y + 7. Is r(f) prime?
True
Let o(y) be the third derivative of 209*y**6/60 - y**5/60 - y**4/12 + y**3/3 - 4*y**2. Is o(1) a composite number?
True
Let s(c) = 213*c - 67. Is s(6) a composite number?
True
Let z = -15 + 17. Let t = z + -2. Suppose 0 = -4*w + 2*r + 312, -4*r + 166 = 2*w - t*r. Is w prime?
True
Let x(y) = -47*y + 24. Let z be -1 + (-1)/((-3)/9). Suppose -1 = -s + 2*w - z, 0 = -5*s + 2*w - 45. Is x(s) composite?
False
Let z(a) = -4*a**3 - 8*a**2 + 3*a - 2. Let l be z(-6). Let x be l/6 - 6/9. Suppose f = -f + x. Is f a composite number?
True
Suppose 6*w - 3*w = 3432. Let p be (-4)/10 - (-32104)/(-40). Let t = w + p. Is t composite?
True
Let z = -49 - -51. Suppose 2*q = z*s - 628, -4*s + 2*q + 1091 + 171 = 0. Is s a composite number?
False
Let s(v) = 351*v**3 + 9*v**2 - 4*v - 17. Is s(5) prime?
False
Is (42/(-9) - -5)/((-1)/(-2613)) prime?
False
Let r(p) = -40*p + 39. Is r(-22) p